b(q) = 1 + 4 - 8*q - 3 + 6*q**2 + 9*q. What is the tens digit of b(2)?
2
Let v(d) = 7*d + 3. Let s(b) = 15*b + 7. Let i(m) = 4*s(m) - 9*v(m). Let y be i(-7). Suppose 0 = 4*g - 6*g + y. What is the tens digit of g?
1
Suppose 9 = 4*j - j. What is the units digit of (j/(-4))/((-12)/48)?
3
Let r(g) = -g**2 + 3*g. Let d be r(3). Suppose d = -4*u + 9*u - 50. What is the units digit of u?
0
Suppose 3*h - 12 = 0, h - 29 = -2*a + a. What is the units digit of a?
5
Let h = -3 + 36. Suppose -5*n + 24 = -2*b, -3*n - 2*b - 9 = -h. What is the units digit of n?
6
Let i(v) = v**3 - 10*v**2 - 13*v - 29. What is the tens digit of i(12)?
0
What is the units digit of (-20)/30*6*-1?
4
Let i(k) = -2*k - 2. Let l be i(-2). Suppose -l*u + 50 = 3*u. What is the tens digit of u?
1
Suppose 3*a + 207 = 3*u, -u + 5*u = -3*a + 241. What is the units digit of u?
4
Let c = -2 + 5. Suppose l = 7 - c. What is the units digit of l?
4
Suppose -4 = s + 3*l, s + 3*s = 2*l + 12. Let b be (-15 + 5)*52/(-10). Suppose s*j - 3*i - 12 = 0, -4*j - i - 14 + b = 0. What is the units digit of j?
9
Let j(x) = -53*x**3 + 3*x**2 - x - 1. Let g be j(1). Let c(f) = -3*f + 3. Let v be c(4). What is the units digit of g/(-6) - 3/v?
9
Suppose -2*x = -4*l - 8, 5*l + 9 + 11 = 5*x. Suppose 4*z + 5*c + 70 = 0, 0 = x*z + c - 3*c + 84. Let n = -14 - z. What is the units digit of n?
6
Let d = 9 - 5. Suppose o - 70 = -d*o. Suppose 4*h = o + 14. What is the units digit of h?
7
Suppose -111 = -3*x + 3*c, -x - 5*c + 13 = -0*x. What is the tens digit of x?
3
What is the hundreds digit of 254/(-6 - -4)*-1?
1
Let r = 32 + 45. What is the tens digit of r?
7
Suppose 2*r + 0*r + z - 25 = 0, -z - 35 = -4*r. Suppose 0*f - f - 7 = -c, 0 = 5*f - r. What is the units digit of c?
9
Let z = -4 + 1. Let k(j) = j. Let h(r) = 5*r - 1. Let a(n) = -h(n) + 3*k(n). What is the units digit of a(z)?
7
Let z = -6 - -8. Suppose 2*x + 41 = 5*l - z*l, 2*l + 5*x = 21. What is the tens digit of l?
1
Let y be (-2)/(6/15) - 0. Let w = y + 16. What is the units digit of w?
1
Let d(f) be the second derivative of f**5/20 - 3*f**4/4 + 3*f**3/2 - 3*f**2/2 + 2*f. What is the units digit of d(8)?
5
Let a be (-8)/(-12) + 2/(-3). Suppose 9*h - 7*h - 16 = a. What is the units digit of h?
8
Suppose 2*r - 242 = 54. What is the hundreds digit of r?
1
Let v = -11 - -12. Let g = 11 - v. What is the units digit of g?
0
Let u(r) = 5*r + 8. What is the tens digit of u(14)?
7
Suppose 138 = 6*v - 3*v. What is the units digit of v?
6
Let k = -9 - -4. Let a = k - -9. What is the units digit of (3/2)/(2/a)?
3
Let k = 33 - 23. Let a be 16/k*(-20)/(-8). Suppose -a*w - 12 = -36. What is the units digit of w?
6
Let h = 46 + -39. What is the units digit of h?
7
Suppose -4*u = -4*c - 216, u = 4*u + 3*c - 138. What is the units digit of u?
0
Let r(i) be the second derivative of i**5/20 - i**4 + 17*i**3/6 - 11*i**2/2 - 10*i. What is the units digit of r(11)?
5
Suppose -9*r + 4*r + 22 = -4*b, 2*r + 3*b + 5 = 0. Suppose 4*c + 2*x - 95 = 1, r*c = 3*x + 56. What is the tens digit of c?
2
Let q(j) = -j**3 - 8*j**2 - 6*j + 21. What is the units digit of q(-10)?
1
Let w(p) = p + 3. Let y be w(8). Suppose -z = -2*v - y, 5*z + 1 - 14 = -4*v. What is the units digit of z?
5
Let p = 42 - 30. What is the units digit of p?
2
Let l(h) = h**2 + 12*h + 9. Let a be l(-13). Suppose s + 3*s - 40 = -5*y, 2*s + a = y. What is the tens digit of y?
1
Suppose 2*f - 4*t - 120 = -0*f, 56 = f + 2*t. What is the units digit of f?
8
Let y(l) = 14*l**3 + 17*l**2 - 26*l - 17. Let c(n) = 5*n**3 + 6*n**2 - 9*n - 6. Let s(a) = -11*c(a) + 4*y(a). What is the units digit of s(-3)?
4
Let z(h) = h**2 - 3*h - 5. What is the units digit of z(5)?
5
Suppose -5*m - 405 = -5*o, -o - 153 = -3*o - m. Suppose -l + 2*l + p = 21, -4*l + o = p. What is the tens digit of l?
1
Let i = -16 - -10. Let d be (-1)/(-2)*i - -2. What is the tens digit of (21/(-3) - d)*-2?
1
Let b(d) = -23*d**2 + 3*d + 2 + 23*d**2 - d**3. What is the units digit of b(-2)?
4
Let o(l) = -19 - 4*l - 5*l - 15*l**2 - l**3 + 6*l. What is the units digit of o(-15)?
6
Let m = 22 - -26. Suppose 4*k = 3*n + 89, 0*n = 3*k + 4*n - m. Suppose k = 5*x + 5*a - 15, 2*a + 22 = 2*x. What is the units digit of x?
9
Let a = 5 + -3. Let j = a - -7. What is the units digit of j?
9
Let h(c) = c**3 - 14*c**2 + 17*c - 4. What is the units digit of h(13)?
8
Suppose 41 = -4*r + 9. Let b = r - -19. What is the tens digit of b?
1
Let j = 149 + -89. What is the units digit of j?
0
Let o(y) = 2*y**3 - y**2 + y. Let t be o(1). Let l = t - -26. What is the units digit of l?
8
Suppose -59 - 83 = -3*s - 4*x, -2*x = -4*s + 204. What is the units digit of s?
0
Let g = 76 - 109. Let s = g - -52. What is the tens digit of s?
1
Suppose -i + 5*i = 84. What is the tens digit of i?
2
Let c(g) = -g**3 + 4*g**2 - g + 3. Let l be c(4). Let q be 8 + 0 + 3 + -6. Let z = l + q. What is the units digit of z?
4
Let g(n) = -n - 16. Let d(q) = -3*q - 33. Let l(c) = 2*d(c) - 5*g(c). What is the tens digit of l(0)?
1
Let i = -4 + 4. Let z be 1 + (i - 0) - -7. Suppose 0 = 2*y + 8, -24 = 4*f - z*f - 2*y. What is the units digit of f?
8
Suppose -4*f = -y - 10, 3*y - 5*f - 2 = 3. Let g = y - 16. What is the tens digit of g/(-30) - (-128)/10?
1
Let j be (-4)/((-8)/10) + -2. Suppose -i + 5 + j = 0. What is the units digit of i?
8
Let s = 1 - -3. Suppose -t - 18 = s*w, t + 3*t = 5*w + 33. Suppose -t*x + 23 = 3*x - a, x + 1 = 3*a. What is the units digit of x?
5
Let g = -6 - -9. Suppose 7*k = g*k + 8. What is the units digit of k?
2
Let i = -13 - -13. Suppose i = -4*g - 3*x + 109, g + 0*g = -4*x + 11. What is the units digit of g?
1
What is the tens digit of 145 + 1 - (-3 - -1)?
4
Let x(t) = -5*t - 2 - 8*t - 1. Let w be x(-3). Suppose -w = -v - 3*v. What is the units digit of v?
9
Suppose -c - 555 = -4*m, -7*c - 705 = -5*m - 2*c. What is the tens digit of m?
3
Let y = -3 + 8. Suppose f - 56 = -5*g, -2*f = -5*g - y*f + 58. What is the tens digit of g?
1
Let n = 12 - 5. Let z = n - -2. What is the units digit of z?
9
Let l(m) = -m**2 - 9*m - 4. Let q be l(-8). Suppose 2*k + 7 = -k + 4*c, q*k + c + 3 = 0. What is the units digit of 2*(4*k)/(-1)?
8
Let b = 3 - 3. Suppose 2*n = -b*n + 12. What is the units digit of n?
6
Suppose -2*c = -3*o + 747, 0 = 4*o + o + 3*c - 1245. What is the units digit of o?
9
Let y(h) = h - 1. Let f be y(3). Suppose 5*w - f*w - 42 = 0. Let c = -8 + w. What is the units digit of c?
6
Let n be (-185)/(-15) + (-1)/3. Suppose 0 = -l - 1 + n. What is the tens digit of l?
1
Suppose -3*p = w - 3, -p - 2*w - 5 = -6*p. What is the tens digit of 21/6*(5 + p)?
2
Suppose g + 9 = 2. Let b = g + 21. What is the tens digit of b?
1
Let n(h) = h**2 + 5 - 3*h + 1 - 7. What is the units digit of n(7)?
7
Suppose 0 = 4*w - 3*u + 4*u - 757, 2*u - 2 = 0. Let h = -100 + w. Suppose -4*s = -h + 21. What is the tens digit of s?
1
Suppose -2 = -u + 3. Suppose 0*d + 26 = 5*d + 3*b, -4*b + 20 = 3*d. Suppose i + 83 = u*n, d = i + i. What is the units digit of n?
7
Suppose 5*r - 131 = l, 0 = -0*r + 5*r + 3*l - 127. What is the units digit of r?
6
Let u be (-1)/((-10)/(-4) + -3). Let i(s) = 12*s + 2. What is the units digit of i(u)?
6
Let y(j) = 3 - 6*j**2 - 9*j + 3*j**2 + 2*j**2 + 2. What is the tens digit of y(-7)?
1
Let g = -3 - -12. Suppose 0 = 2*i + i - g. What is the units digit of i?
3
Let p(v) be the second derivative of v**3/6 + 7*v**2/2 - 2*v. Let m be p(-7). Suppose m = q - 1. What is the units digit of q?
1
What is the hundreds digit of 3/(12/944) + 1 + 2?
2
Suppose -5*n = -5, 4 = z - 2*n + 1. Suppose 4*x = z*x - 17. What is the units digit of x?
7
Suppose 3*h - 78 = h. What is the units digit of h?
9
Suppose 0 = -8*w + 3*w + 20. Let u be 10/w - (-2)/(-4). What is the units digit of ((-6)/(-5))/(u/5)?
3
Let w = -6 - -10. What is the tens digit of (-300)/(-28) - w/(-14)?
1
Let d(t) = 4*t**2 - 8*t + 5. What is the units digit of d(5)?
5
Let b(j) = j**2 - 5*j + 4. Let w be b(6). What is the tens digit of w/5 - (-33)/1?
3
Let y = -3 + 3. Suppose 2*p = 5*s - 24, -4*s + 2*p + 6 = -2*s. Let v = y + s. What is the units digit of v?
6
Let l be ((-12)/14)/((-2)/28). Suppose 2*p - 6 = l. What is the units digit of p?
9
Suppose -9*w - 15 = -12*w. What is the units digit of w?
5
Suppose -a = -p + a + 166, 0 = 2